{"id":386,"date":"2024-12-09T18:54:53","date_gmt":"2024-12-09T17:54:53","guid":{"rendered":"https:\/\/www.hallbararkitektur.se\/?page_id=386"},"modified":"2025-01-03T14:53:56","modified_gmt":"2025-01-03T13:53:56","slug":"hem","status":"publish","type":"page","link":"https:\/\/www.hallbararkitektur.se\/","title":{"rendered":"Hem"},"content":{"rendered":"\n<div class=\"wp-block-columns alignfull is-layout-flex wp-container-core-columns-is-layout-28f84493 wp-block-columns-is-layout-flex\">\n<div class=\"wp-block-column is-layout-flow wp-block-column-is-layout-flow\" style=\"flex-basis:100%\">\n<div class=\"wp-block-columns is-layout-flex wp-container-core-columns-is-layout-28f84493 wp-block-columns-is-layout-flex\">\n<div class=\"wp-block-column is-layout-flow wp-block-column-is-layout-flow\" style=\"flex-basis:100%\">\n<div class=\"wp-block-cover alignfull is-light has-custom-content-position is-position-center-left\" style=\"min-height:1112px;aspect-ratio:unset;\"><span aria-hidden=\"true\" class=\"wp-block-cover__background has-background-dim\" style=\"background-color:#c8c7c9\"><\/span><img loading=\"lazy\" decoding=\"async\" width=\"2560\" height=\"1722\" class=\"wp-block-cover__image-background wp-image-389\" alt=\"\" src=\"https:\/\/www.hallbararkitektur.se\/wp-content\/uploads\/2024\/12\/vardagsrum-1-scaled.jpg\" data-object-fit=\"cover\" srcset=\"https:\/\/www.hallbararkitektur.se\/wp-content\/uploads\/2024\/12\/vardagsrum-1-scaled.jpg 2560w, https:\/\/www.hallbararkitektur.se\/wp-content\/uploads\/2024\/12\/vardagsrum-1-300x202.jpg 300w, https:\/\/www.hallbararkitektur.se\/wp-content\/uploads\/2024\/12\/vardagsrum-1-1024x689.jpg 1024w, https:\/\/www.hallbararkitektur.se\/wp-content\/uploads\/2024\/12\/vardagsrum-1-768x517.jpg 768w, https:\/\/www.hallbararkitektur.se\/wp-content\/uploads\/2024\/12\/vardagsrum-1-1536x1033.jpg 1536w, https:\/\/www.hallbararkitektur.se\/wp-content\/uploads\/2024\/12\/vardagsrum-1-2048x1377.jpg 2048w\" sizes=\"auto, (max-width: 2560px) 100vw, 2560px\" \/><div class=\"wp-block-cover__inner-container is-layout-flow wp-block-cover-is-layout-flow\">\n<div class=\"wp-block-group alignfull is-nowrap is-layout-flex wp-container-core-group-is-layout-6c531013 wp-block-group-is-layout-flex\">\n<div class=\"wp-block-columns alignwide is-not-stacked-on-mobile is-style-default has-medium-font-size is-layout-flex wp-container-core-columns-is-layout-28f84493 wp-block-columns-is-layout-flex\">\n<div class=\"wp-block-column is-layout-flow wp-block-column-is-layout-flow\"><\/div>\n<\/div>\n\n\n\n<h1 class=\"wp-block-heading has-text-align-center\"><strong>F\u00f6r en h\u00e5llbar framtid<\/strong><\/h1>\n<\/div>\n<\/div><\/div>\n<\/div>\n<\/div>\n<\/div>\n<\/div>\n\n\n\n<div class=\"wp-block-group is-nowrap is-layout-flex wp-container-core-group-is-layout-6c531013 wp-block-group-is-layout-flex\">\n<div class=\"wp-block-group has-global-padding is-layout-constrained wp-block-group-is-layout-constrained\">\n<p><\/p>\n<\/div>\n<\/div>\n\n\n\n<div class=\"wp-block-columns alignfull is-layout-flex wp-container-core-columns-is-layout-28f84493 wp-block-columns-is-layout-flex\">\n<div class=\"wp-block-column is-layout-flow wp-block-column-is-layout-flow\" style=\"padding-right:var(--wp--preset--spacing--40);padding-left:var(--wp--preset--spacing--40)\">\n<h1 class=\"wp-block-heading\">Tj\u00e4nster<\/h1>\n<\/div>\n\n\n\n<div class=\"wp-block-column is-layout-flow wp-block-column-is-layout-flow\" style=\"padding-right:var(--wp--preset--spacing--40);padding-left:var(--wp--preset--spacing--40)\">\n<h2 class=\"wp-block-heading\">Vilka \u00e4r vi<\/h2>\n\n\n\n<p>H\u00e5llbar Arkitektur \u00e4r ett nystartat arkitektf\u00f6retag med visionen att skapa arkitekturprojekt unika f\u00f6r platsen och tillsammans med best\u00e4llaren,&nbsp; brukare och samarbetspartners styra utvecklingen mot en mer h\u00e5llbar framtid. Vi vill bidra till att skapa j\u00e4mlika, trygga, inkluderande och sunda milj\u00f6er som v\u00e4rnar m\u00e4nniskors h\u00e4lsa och livskvalitet. S\u00e5v\u00e4l milj\u00f6m\u00e4ssigt, socialt som ekonomiskt. Vi \u00e4r \u00f6vertygade om att vi tillsammans, med h\u00e5llbarhet som drivkraft, kan skapa l\u00e5ngsiktiga v\u00e4rden i v\u00e5ra projekt, f\u00f6r s\u00e5v\u00e4l samh\u00e4llet som f\u00f6r v\u00e5r planet. <\/p>\n\n\n\n<p>Vi har l\u00e5ng erfarenhet av alla typer av arkitektuppdrag. Nybyggnad och ombyggnad. Byggnader som skapar merv\u00e4rden f\u00f6r best\u00e4llaren och samtidigt f\u00f6r platsen en unik genomt\u00e4nkt byggnad som ur alla aspekter h\u00e5ller \u00f6ver tid.<\/p>\n\n\n\n<h2 class=\"wp-block-heading\">Arkitekturprocessen<\/h2>\n\n\n\n<p>Med en vision och ett angreppss\u00e4tt att skapa projekt d\u00e4r kunden alltid skall vara med och best\u00e4mma processens g\u00e5ng. Arkitekten skall med sin speciella kunskap styra best\u00e4llaren och med kreativa metoder och l\u00f6sningar skapa unika projekt d\u00e4r kunden alltid skall k\u00e4nna att de f\u00e5tt guidning till ett slutm\u00e5l d\u00e4r projektet upplevs optimalt ur alla aspekter.<\/p>\n<\/div>\n\n\n\n<div class=\"wp-block-column is-layout-flow wp-block-column-is-layout-flow\" style=\"padding-right:var(--wp--preset--spacing--40);padding-left:var(--wp--preset--spacing--40)\">\n<h2 class=\"wp-block-heading\">H\u00e5llbar Arkitektur<\/h2>\n\n\n\n<p>Begreppet h\u00e5llbar arkitektur \u00e4r m\u00e5ngfacetterat.och innefattar ocks\u00e5 h\u00e5llbarhet socialt, konstruktionsm\u00e4ssigt, arkitektur som ber\u00f6r, ekonomiskt i skapande och byggprocessen. En byggnad eller annan milj\u00f6 skall ocks\u00e5<\/p>\n\n\n\n<p>h\u00e5lla \u00f6ver tid, f\u00f6rvaltningsm\u00e4ssigt med sunda och h\u00e5llbara material som bidrar till en h\u00e5llbar framtid.<\/p>\n\n\n\n<h2 class=\"wp-block-heading\">Stort kontaktn\u00e4t<\/h2>\n\n\n\n<p>Vi samarbetar med med olika konsultgrupper inom konstruktion, VVS, El och andra \u2026 som har samma ambitioner att skapa ett unikt projekt med en tidl\u00f6s arkitektur med kvalit\u00e8er som ber\u00f6r och \u00e4r i samklang med naturen f\u00f6r en h\u00e5llbar framtid.<\/p>\n\n\n\n<h2 class=\"wp-block-heading\">Klimatp\u00e5verkan<\/h2>\n\n\n\n<p>Hur stor klimatp\u00e5verkan har din byggnad eller din fastighet? Genom en klimatber\u00e4kning kan du f\u00e5 en bild av nul\u00e4get och Tillsammans med samarbetspartners kan vi genom en klimatber\u00e4kning hj\u00e4lpa dig att ta fram hur stor klimatp\u00e5verkan din byggnad har i nul\u00e4get. Komma med f\u00f6rslag vid en ombyggnad p\u00e5 f\u00f6rb\u00e4ttrande \u00e5tg\u00e4rder.Stort kontaktn\u00e4t<\/p>\n\n\n\n<p>F\u00f6r en nybyggnad kan man g\u00f6ra en Livscykel ber\u00e4kning (LCA)som visar en byggnads milj\u00f6p\u00e5verkan under hela dess livsl\u00e4ngd. man kan d\u00e5 j\u00e4mf\u00f6ra olika konstruktions-och byggmetoder, olika material f\u00f6r att komma fram till en klimatoptimering.<\/p>\n\n\n\n<p>Klimatdeklarationer kan tas fram f\u00f6r att redovisa klimatp\u00e5verkan av att uppf\u00f6ra en byggnad.<\/p>\n<\/div>\n<\/div>\n\n\n\n<p><\/p>\n","protected":false},"excerpt":{"rendered":"<p>Tj\u00e4nster Vilka \u00e4r vi H\u00e5llbar Arkitektur \u00e4r ett nystartat arkitektf\u00f6retag med visionen att skapa arkitekturprojekt unika f\u00f6r platsen och tillsammans med best\u00e4llaren,&nbsp; brukare och samarbetspartners styra utvecklingen mot en mer h\u00e5llbar framtid. Vi vill bidra till att skapa j\u00e4mlika, trygga, inkluderande och sunda milj\u00f6er som v\u00e4rnar m\u00e4nniskors h\u00e4lsa och livskvalitet. S\u00e5v\u00e4l milj\u00f6m\u00e4ssigt, socialt som ekonomiskt. [&hellip;]<\/p>\n","protected":false},"author":1,"featured_media":0,"parent":0,"menu_order":0,"comment_status":"closed","ping_status":"closed","template":"page-no-title","meta":{"_monsterinsights_skip_tracking":false,"_monsterinsights_sitenote_active":false,"_monsterinsights_sitenote_note":"","_monsterinsights_sitenote_category":0,"footnotes":""},"class_list":["post-386","page","type-page","status-publish","hentry"],"yoast_head":"<!-- This site is optimized with the Yoast SEO plugin v24.1 - https:\/\/yoast.com\/wordpress\/plugins\/seo\/ -->\n<title>Hem - H\u00e5llbar Arkitektur<\/title>\n<meta name=\"description\" content=\"H\u00e5llbar Arkitektur \u00e4r en firma som skapar h\u00e5llbara projekt f\u00f6r klienterna. Med erfarenheten som vi erbjuder s\u00e5 \u00e4r inget om\u00f6jligt\" \/>\n<meta name=\"robots\" content=\"index, follow, max-snippet:-1, max-image-preview:large, max-video-preview:-1\" \/>\n<link rel=\"canonical\" href=\"https:\/\/www.hallbararkitektur.se\/\" \/>\n<meta property=\"og:locale\" content=\"sv_SE\" \/>\n<meta property=\"og:type\" content=\"article\" \/>\n<meta property=\"og:title\" content=\"Hem - H\u00e5llbar Arkitektur\" \/>\n<meta property=\"og:description\" content=\"H\u00e5llbar Arkitektur \u00e4r en firma som skapar h\u00e5llbara projekt f\u00f6r klienterna. Med erfarenheten som vi erbjuder s\u00e5 \u00e4r inget om\u00f6jligt\" \/>\n<meta property=\"og:url\" content=\"https:\/\/www.hallbararkitektur.se\/\" \/>\n<meta property=\"og:site_name\" content=\"H\u00e5llbar Arkitektur\" \/>\n<meta property=\"article:modified_time\" content=\"2025-01-03T13:53:56+00:00\" \/>\n<meta property=\"og:image\" content=\"https:\/\/www.hallbararkitektur.se\/wp-content\/uploads\/2024\/12\/vardagsrum-1-scaled.jpg\" \/>\n\t<meta property=\"og:image:width\" content=\"2560\" \/>\n\t<meta property=\"og:image:height\" content=\"1722\" \/>\n\t<meta property=\"og:image:type\" content=\"image\/jpeg\" \/>\n<meta name=\"twitter:card\" content=\"summary_large_image\" \/>\n<meta name=\"twitter:label1\" content=\"Ber\u00e4knad l\u00e4stid\" \/>\n\t<meta name=\"twitter:data1\" content=\"2 minuter\" \/>\n<script type=\"application\/ld+json\" class=\"yoast-schema-graph\">{\"@context\":\"https:\/\/schema.org\",\"@graph\":[{\"@type\":\"WebPage\",\"@id\":\"https:\/\/www.hallbararkitektur.se\/\",\"url\":\"https:\/\/www.hallbararkitektur.se\/\",\"name\":\"Hem - H\u00e5llbar Arkitektur\",\"isPartOf\":{\"@id\":\"https:\/\/www.hallbararkitektur.se\/#website\"},\"primaryImageOfPage\":{\"@id\":\"https:\/\/www.hallbararkitektur.se\/#primaryimage\"},\"image\":{\"@id\":\"https:\/\/www.hallbararkitektur.se\/#primaryimage\"},\"thumbnailUrl\":\"https:\/\/www.hallbararkitektur.se\/wp-content\/uploads\/2024\/12\/vardagsrum-1-scaled.jpg\",\"datePublished\":\"2024-12-09T17:54:53+00:00\",\"dateModified\":\"2025-01-03T13:53:56+00:00\",\"description\":\"H\u00e5llbar Arkitektur \u00e4r en firma som skapar h\u00e5llbara projekt f\u00f6r klienterna. Med erfarenheten som vi erbjuder s\u00e5 \u00e4r inget om\u00f6jligt\",\"breadcrumb\":{\"@id\":\"https:\/\/www.hallbararkitektur.se\/#breadcrumb\"},\"inLanguage\":\"sv-SE\",\"potentialAction\":[{\"@type\":\"ReadAction\",\"target\":[\"https:\/\/www.hallbararkitektur.se\/\"]}]},{\"@type\":\"ImageObject\",\"inLanguage\":\"sv-SE\",\"@id\":\"https:\/\/www.hallbararkitektur.se\/#primaryimage\",\"url\":\"https:\/\/www.hallbararkitektur.se\/wp-content\/uploads\/2024\/12\/vardagsrum-1-scaled.jpg\",\"contentUrl\":\"https:\/\/www.hallbararkitektur.se\/wp-content\/uploads\/2024\/12\/vardagsrum-1-scaled.jpg\",\"width\":2560,\"height\":1722},{\"@type\":\"BreadcrumbList\",\"@id\":\"https:\/\/www.hallbararkitektur.se\/#breadcrumb\",\"itemListElement\":[{\"@type\":\"ListItem\",\"position\":1,\"name\":\"Hem\",\"item\":\"https:\/\/www.hallbararkitektur.se\/\"},{\"@type\":\"ListItem\",\"position\":2,\"name\":\"Hem\"}]},{\"@type\":\"WebSite\",\"@id\":\"https:\/\/www.hallbararkitektur.se\/#website\",\"url\":\"https:\/\/www.hallbararkitektur.se\/\",\"name\":\"H\u00e5llbar Arkitektur\",\"description\":\"urban.jallhage@hallbararkitektur.se\",\"publisher\":{\"@id\":\"https:\/\/www.hallbararkitektur.se\/#organization\"},\"potentialAction\":[{\"@type\":\"SearchAction\",\"target\":{\"@type\":\"EntryPoint\",\"urlTemplate\":\"https:\/\/www.hallbararkitektur.se\/?s={search_term_string}\"},\"query-input\":{\"@type\":\"PropertyValueSpecification\",\"valueRequired\":true,\"valueName\":\"search_term_string\"}}],\"inLanguage\":\"sv-SE\"},{\"@type\":\"Organization\",\"@id\":\"https:\/\/www.hallbararkitektur.se\/#organization\",\"name\":\"H\u00e5llbar Arkitektur\",\"alternateName\":\"Hallbar Arkitektur\",\"url\":\"https:\/\/www.hallbararkitektur.se\/\",\"logo\":{\"@type\":\"ImageObject\",\"inLanguage\":\"sv-SE\",\"@id\":\"https:\/\/www.hallbararkitektur.se\/#\/schema\/logo\/image\/\",\"url\":\"https:\/\/www.hallbararkitektur.se\/wp-content\/uploads\/2024\/12\/hallbararkitektur-removebg-preview1.png\",\"contentUrl\":\"https:\/\/www.hallbararkitektur.se\/wp-content\/uploads\/2024\/12\/hallbararkitektur-removebg-preview1.png\",\"width\":596,\"height\":419,\"caption\":\"H\u00e5llbar Arkitektur\"},\"image\":{\"@id\":\"https:\/\/www.hallbararkitektur.se\/#\/schema\/logo\/image\/\"}}]}<\/script>\n<!-- \/ Yoast SEO plugin. -->","yoast_head_json":{"title":"Hem - H\u00e5llbar Arkitektur","description":"H\u00e5llbar Arkitektur \u00e4r en firma som skapar h\u00e5llbara projekt f\u00f6r klienterna. Med erfarenheten som vi erbjuder s\u00e5 \u00e4r inget om\u00f6jligt","robots":{"index":"index","follow":"follow","max-snippet":"max-snippet:-1","max-image-preview":"max-image-preview:large","max-video-preview":"max-video-preview:-1"},"canonical":"https:\/\/www.hallbararkitektur.se\/","og_locale":"sv_SE","og_type":"article","og_title":"Hem - H\u00e5llbar Arkitektur","og_description":"H\u00e5llbar Arkitektur \u00e4r en firma som skapar h\u00e5llbara projekt f\u00f6r klienterna. Med erfarenheten som vi erbjuder s\u00e5 \u00e4r inget om\u00f6jligt","og_url":"https:\/\/www.hallbararkitektur.se\/","og_site_name":"H\u00e5llbar Arkitektur","article_modified_time":"2025-01-03T13:53:56+00:00","og_image":[{"width":2560,"height":1722,"url":"https:\/\/www.hallbararkitektur.se\/wp-content\/uploads\/2024\/12\/vardagsrum-1-scaled.jpg","type":"image\/jpeg"}],"twitter_card":"summary_large_image","twitter_misc":{"Ber\u00e4knad l\u00e4stid":"2 minuter"},"schema":{"@context":"https:\/\/schema.org","@graph":[{"@type":"WebPage","@id":"https:\/\/www.hallbararkitektur.se\/","url":"https:\/\/www.hallbararkitektur.se\/","name":"Hem - H\u00e5llbar Arkitektur","isPartOf":{"@id":"https:\/\/www.hallbararkitektur.se\/#website"},"primaryImageOfPage":{"@id":"https:\/\/www.hallbararkitektur.se\/#primaryimage"},"image":{"@id":"https:\/\/www.hallbararkitektur.se\/#primaryimage"},"thumbnailUrl":"https:\/\/www.hallbararkitektur.se\/wp-content\/uploads\/2024\/12\/vardagsrum-1-scaled.jpg","datePublished":"2024-12-09T17:54:53+00:00","dateModified":"2025-01-03T13:53:56+00:00","description":"H\u00e5llbar Arkitektur \u00e4r en firma som skapar h\u00e5llbara projekt f\u00f6r klienterna. Med erfarenheten som vi erbjuder s\u00e5 \u00e4r inget om\u00f6jligt","breadcrumb":{"@id":"https:\/\/www.hallbararkitektur.se\/#breadcrumb"},"inLanguage":"sv-SE","potentialAction":[{"@type":"ReadAction","target":["https:\/\/www.hallbararkitektur.se\/"]}]},{"@type":"ImageObject","inLanguage":"sv-SE","@id":"https:\/\/www.hallbararkitektur.se\/#primaryimage","url":"https:\/\/www.hallbararkitektur.se\/wp-content\/uploads\/2024\/12\/vardagsrum-1-scaled.jpg","contentUrl":"https:\/\/www.hallbararkitektur.se\/wp-content\/uploads\/2024\/12\/vardagsrum-1-scaled.jpg","width":2560,"height":1722},{"@type":"BreadcrumbList","@id":"https:\/\/www.hallbararkitektur.se\/#breadcrumb","itemListElement":[{"@type":"ListItem","position":1,"name":"Hem","item":"https:\/\/www.hallbararkitektur.se\/"},{"@type":"ListItem","position":2,"name":"Hem"}]},{"@type":"WebSite","@id":"https:\/\/www.hallbararkitektur.se\/#website","url":"https:\/\/www.hallbararkitektur.se\/","name":"H\u00e5llbar Arkitektur","description":"urban.jallhage@hallbararkitektur.se","publisher":{"@id":"https:\/\/www.hallbararkitektur.se\/#organization"},"potentialAction":[{"@type":"SearchAction","target":{"@type":"EntryPoint","urlTemplate":"https:\/\/www.hallbararkitektur.se\/?s={search_term_string}"},"query-input":{"@type":"PropertyValueSpecification","valueRequired":true,"valueName":"search_term_string"}}],"inLanguage":"sv-SE"},{"@type":"Organization","@id":"https:\/\/www.hallbararkitektur.se\/#organization","name":"H\u00e5llbar Arkitektur","alternateName":"Hallbar Arkitektur","url":"https:\/\/www.hallbararkitektur.se\/","logo":{"@type":"ImageObject","inLanguage":"sv-SE","@id":"https:\/\/www.hallbararkitektur.se\/#\/schema\/logo\/image\/","url":"https:\/\/www.hallbararkitektur.se\/wp-content\/uploads\/2024\/12\/hallbararkitektur-removebg-preview1.png","contentUrl":"https:\/\/www.hallbararkitektur.se\/wp-content\/uploads\/2024\/12\/hallbararkitektur-removebg-preview1.png","width":596,"height":419,"caption":"H\u00e5llbar Arkitektur"},"image":{"@id":"https:\/\/www.hallbararkitektur.se\/#\/schema\/logo\/image\/"}}]}},"_links":{"self":[{"href":"https:\/\/www.hallbararkitektur.se\/index.php\/wp-json\/wp\/v2\/pages\/386","targetHints":{"allow":["GET"]}}],"collection":[{"href":"https:\/\/www.hallbararkitektur.se\/index.php\/wp-json\/wp\/v2\/pages"}],"about":[{"href":"https:\/\/www.hallbararkitektur.se\/index.php\/wp-json\/wp\/v2\/types\/page"}],"author":[{"embeddable":true,"href":"https:\/\/www.hallbararkitektur.se\/index.php\/wp-json\/wp\/v2\/users\/1"}],"replies":[{"embeddable":true,"href":"https:\/\/www.hallbararkitektur.se\/index.php\/wp-json\/wp\/v2\/comments?post=386"}],"version-history":[{"count":14,"href":"https:\/\/www.hallbararkitektur.se\/index.php\/wp-json\/wp\/v2\/pages\/386\/revisions"}],"predecessor-version":[{"id":446,"href":"https:\/\/www.hallbararkitektur.se\/index.php\/wp-json\/wp\/v2\/pages\/386\/revisions\/446"}],"wp:attachment":[{"href":"https:\/\/www.hallbararkitektur.se\/index.php\/wp-json\/wp\/v2\/media?parent=386"}],"curies":[{"name":"wp","href":"https:\/\/api.w.org\/{rel}","templated":true}]}}